f c + (y - (1 - 1))?
8
Let a(z) = z - 5. Let h be a(9). Suppose -h*n = 26 - 110. What is the tens digit of n?
2
Suppose 3*n - 5*s - 41 = 0, 3*s + 0 - 6 = 0. Suppose 3*u + 4*z + n = 4*u, 0 = 4*z. What is the units digit of u?
7
Let r = 4 - 1. Suppose -r*u + 14 + 31 = 0. Let o = u + -8. What is the units digit of o?
7
Suppose -13 + 71 = 2*y. What is the units digit of y?
9
Let u be (2/(-6))/(3/9). Let f(z) = 5*z**2 + z. What is the units digit of f(u)?
4
What is the units digit of (1 + (-33)/(-9))/(4/66)?
7
Let n = 280 + -194. What is the units digit of n?
6
Let p(g) = 6*g**2 - 17*g - 16. What is the hundreds digit of p(8)?
2
Suppose 0 = -o + 4*s + 164, -2*s + 9 = 5. What is the units digit of o?
2
Let o(f) = 8*f**3 - f**2 + 1. Let p = -5 + 6. What is the units digit of o(p)?
8
Let d(j) = 4*j**2 - 8*j + 6. What is the units digit of d(4)?
8
Suppose 0 = -3*d - 3*p + 18, -6*d + 18 = -3*d + 4*p. Let r = 7 - d. What is the units digit of r?
1
Let u be -1*(-1 - -1) + 4. Suppose u*l - 3*d = -4*d - 4, 0 = -2*l - 3*d - 2. Let w = 8 - l. What is the units digit of w?
9
Let n(k) = k + 2. Suppose 3*x + 2*x = 0. Let s be n(x). What is the units digit of (-9)/(-6) - 1/s?
1
Let n(p) = -4*p**2 - 6*p + 9. Let u(b) = 5*b**2 + 5*b - 9. Let x(t) = -6*n(t) - 5*u(t). Let k be x(9). What is the tens digit of (k/(-6))/((-6)/40)?
1
Suppose 5*q = q + 552. Suppose 5*z - 112 = q. Suppose -z = -6*a + a. What is the units digit of a?
0
Suppose i - 174 = 4*j, -2 = -j - 5. What is the hundreds digit of i?
1
Suppose 0 = 2*j - 6*j. Suppose j = -n - n + 26. What is the units digit of n?
3
Suppose i = -2*i. Suppose i = 3*f - 44 - 19. Let h = f - 8. What is the tens digit of h?
1
Let p(n) be the first derivative of 5*n**2/2 - 4*n + 1. Let f be p(4). Suppose -5*w = 3*d - 14 - f, 3*d + 2*w = 21. What is the units digit of d?
5
Suppose -o + 5*s + 36 = o, o - 3*s - 16 = 0. What is the units digit of o?
8
Let b be (-2)/(-4)*0 - 22. Let y = -13 - b. What is the units digit of y?
9
Let q = -112 + 205. What is the tens digit of q?
9
Suppose -5*s = -0*s - 10. Suppose -s*b = -5*b + 27. Suppose 3*v = b, n + v + 30 = 4*n. What is the tens digit of n?
1
Suppose 3*z - 3*r + 0*r = 123, 5*r - 175 = -5*z. What is the units digit of z?
8
Let z(h) = -1 + 0 - 5*h + 1. What is the units digit of z(-2)?
0
Suppose -3*y = 2*y + 2*r - 58, 18 = y + 2*r. What is the tens digit of y?
1
Let y = -4 - -3. Let j be (3 - 2 - 23)/1. What is the units digit of y/(-2) + j/(-4)?
6
Let f(r) = -r**2 - 4*r - 4. Let l be f(-3). Let d(g) = -8*g**2 - 1. Let j be d(l). Let b(w) = -w**3 - 10*w**2 - 9*w + 5. What is the units digit of b(j)?
5
Suppose -372 - 351 = -3*j. What is the hundreds digit of j?
2
Suppose 0 = -q - q - 6, q + 51 = 4*x. Let h(a) = a**3 + 8*a**2 + 9*a + 6. Let i be h(-7). Let j = x + i. What is the units digit of j?
4
Let v = 226 + -142. What is the units digit of v?
4
Let v(w) be the third derivative of -w**6/120 - w**5/20 + w**4/8 + w**3 + w**2. Let i = -13 + 9. What is the tens digit of v(i)?
1
Let s(y) = 10*y + 7. Let l(t) = t**2 + 13*t + 15. Let v be l(-12). What is the units digit of s(v)?
7
Suppose 0*i - 7 = -i. Suppose 2*n = i*n - 30. What is the units digit of n?
6
What is the tens digit of (0 - -2)/(-2)*-139?
3
Suppose -7*y = -3*m - 3*y + 15, 0 = 2*m - 4*y - 10. Suppose -6 = -s + 2*v - 7*v, -5*v + m = 0. Suppose 0*h + h = s. What is the units digit of h?
1
Let j(z) be the first derivative of -1/2*z**2 - 2 + z + 1/3*z**3. What is the units digit of j(1)?
1
Let m = -2 + 4. Let u(v) = -v - 16. Let s be u(-21). Suppose -4*n + m*o + 15 + 17 = 0, -s*n = -5*o - 35. What is the units digit of n?
9
Let g = -22 + 62. What is the units digit of g?
0
Let s = 72 + -35. What is the units digit of s?
7
Let d be (4/(-6))/((-2)/6). Suppose 4*g = 5*w + 3, 2*g + 0*g = 2*w + d. What is the tens digit of (-76)/(-6) + g/6?
1
Let z(h) = 3*h**3 - 2*h**3 + 2 + 3*h**2 - 7*h**2. Let a be z(4). What is the units digit of a - 1 - 2/(-2)?
2
Let d(v) = -14*v + 17. What is the units digit of d(-6)?
1
Suppose b - 5*x = -0 + 7, -3*b = 5*x - 61. What is the units digit of b?
7
Suppose 0 = 3*u - 2*u + 2. What is the units digit of (-14)/((-24)/9 - u)?
1
Suppose 12 = q + 25. What is the units digit of q/(-3) + 2/(-6)?
4
Let t = -76 - -141. What is the units digit of t?
5
Suppose 5*c - 4*c = 14. What is the tens digit of c?
1
Suppose -4*r = -2*r - 56. Let t = 52 - r. What is the tens digit of t?
2
Let d = 46 - 18. What is the units digit of d?
8
Suppose 0*z - 64 = -2*z. What is the tens digit of z?
3
Suppose -3*o - 3 = -5*c + 5, 2*c + 2*o = 16. Let t(y) = y**2 - 4*y + 3. What is the units digit of t(c)?
3
Suppose -4*q - q = -20. Suppose q*b - 15 = -b. What is the units digit of b?
3
Let l(p) = -p**3 + 6*p**2 - p - 2. What is the tens digit of l(5)?
1
Let k(l) = -l**3 - l**2 + 133. What is the tens digit of k(0)?
3
Let k = -2 - -4. Suppose -k*a + 4 = -4. What is the tens digit of ((-2)/a)/((-2)/48)?
1
Let d(y) = -y**2 - 5*y + 5. What is the units digit of d(-4)?
9
Let p(o) = 8*o**2 - 17*o + 14. Let b(r) = 3*r**2 - 6*r + 5. Let x = -7 - -11. Let u(c) = x*p(c) - 11*b(c). What is the units digit of u(-2)?
1
Let h(w) = 4*w**2 + w + 1. What is the tens digit of h(2)?
1
Suppose 0 = -7*y + 9*y - 152. What is the tens digit of y?
7
Suppose 2*f - f - 4 = 0. Suppose 0 = 3*i + 4*k - 69, -2*i + f*k + 26 = -0*i. What is the units digit of i?
9
Let b(h) = h**2 - 8*h - 6. What is the units digit of b(10)?
4
Suppose 0 = -5*g + z + 39, -3*g + 5*z + 25 = -16. Let n = g - 4. Suppose -n*d - 2*d = -25. What is the units digit of d?
5
Suppose -2*w - 3*w - 70 = 0. Let q = 21 + w. Let l = q + 0. What is the units digit of l?
7
Suppose 2*l = -3*w + 321, -4*w + 25 = w. What is the tens digit of l?
5
Let c(k) = 2*k**2 + 5*k. What is the tens digit of c(-7)?
6
Suppose 5*u + 4 = 9, -v - 4*u = -8. Let t(m) = 17*m - 4. Let c be t(v). Suppose -14 = 5*r - c. What is the tens digit of r?
1
Suppose 0 = 5*w - 3*q - 114, -100 = -4*w - 0*q - 2*q. Let d be (0 + (-4)/6)*w. Let n = -8 - d. What is the units digit of n?
8
Let h(y) = -2*y**2 + 2*y + 17. Let s(x) = -x**2 + x + 8. Let z(a) = -6*h(a) + 13*s(a). Let g be z(0). Suppose -6 = -d - g. What is the units digit of d?
4
Let k(i) = 4*i**2 + i. Let j be k(1). Suppose 0 = j*f - 27 - 8. What is the units digit of f?
7
Suppose -o + 13 = 12. Let t(p) = 22*p**2 + 5*p + 6. Let u(r) = -21*r**2 - 4*r - 5. Let v(i) = -5*t(i) - 6*u(i). What is the units digit of v(o)?
5
Let u = 0 - -4. What is the units digit of u?
4
Suppose -3*l - 3 = 0, 0*l + 2*l = -v. Let y = -5 + v. What is the units digit of y*((-1)/3 - 1)?
4
Suppose 70 = -t - 89. Let n = -108 - t. What is the tens digit of n?
5
Suppose 7 = -d + 4*m, 4*d - 3*m + 0*m + 2 = 0. What is the units digit of d?
1
Suppose -b = -p - 2*p + 14, -3*b = -p + 18. Let k be 2*p/(-2)*-1. Let d = 1 + k. What is the units digit of d?
4
Let g(v) be the second derivative of v**3/3 + v. Let f(b) = 2*b - 5. Let o be f(4). What is the units digit of g(o)?
6
Suppose 5*m - 5*a - 550 = 0, m + 4*a = -0*m + 115. What is the units digit of m?
1
Let n be 14/3 + 2/(-3). Suppose -o + n*o = 39. What is the tens digit of o?
1
Let y be ((-3)/2)/((-3)/4). Suppose 8*b - 4*b = -12. What is the tens digit of -20*(1 + b/y)?
1
Suppose -147 = -g - 2*g. Let v = -31 + g. What is the tens digit of v?
1
Suppose -n - 15 = -6*n. Suppose 4*a - 4*x - 24 = 0, 8*x = n*x - 10. Suppose 26 - 2 = a*s. What is the units digit of s?
6
Suppose 3*u - 2*j = 7, 1 - 10 = -4*u + 3*j. Suppose 2*r + 3*q - 28 = 6*q, -3*q - 50 = -4*r. Suppose -u*i = -r - 13. What is the units digit of i?
8
What is the tens digit of (-652)/(-10) + (-9)/45?
6
Suppose 8*x - 575 = 585. What is the units digit of x?
5
Suppose -s = -4*s - 111. Let q = -13 - s. What is the tens digit of q?
2
Let l be (-4)/(-10) - (-186)/(-15). Let s = -1 - l. What is the units digit of s?
1
Suppose -2*g = -0*u - 5*u + 1, -4*g + 13 = 5*u. Suppose 0 = -4*v - w - 4, -3*v + w + u = -4*v. What is the tens digit of -12*(0 - (0 - v))?
1
Suppose -t + 160 = 3*p - 3*t, 0 = 2*t - 2. Suppose -8*f + 26 = -p. What is the tens digit of f?
1
Let o(r) = -r - 5*r - 4*r**3 - 8*r**2 + 3*r**3 - 2*r. What is the units digit of o(-7)?
7
Let y = -3 + 6. Suppose -4*f + 3*w + 44 = -0*w, -f - 4 = y*w. What i